 3*x - 4. Let k(c) = -2*o(c) - v(c). What is k(h)?
6
Let w(s) = -s**3 + s**2 - s + 1. Let b(n) = 3*n**3 - 2*n**2 + 2*n + 1. Let r(h) = -b(h) - 2*w(h). Let t = 2 - 2. Determine r(t).
-3
Let i(u) = 4*u + u - 9*u + 3*u + 6*u**2. Calculate i(-1).
7
Let u(p) = p**3 + 3*p**2 - 2*p - 2. Let d be ((-4)/3)/((-4)/12). Suppose -f + d*n = 3, 2*f + 1 = 5*n - 5. What is u(f)?
4
Let q(h) = 5*h**3 + h**2 + 3*h + 17. Let b(k) = k**3 - k**2 - 8 - k + 0*k**3 - 3*k**3 - k. Let s(p) = 7*b(p) + 3*q(p). Calculate s(5).
-5
Let v = 1 - -1. Let q(b) = b - v*b + 3 - b. Let p be -2*(-2 - -4)*-1. Determine q(p).
-5
Let r(q) be the first derivative of -q**4/4 + 7*q**3/3 - 3*q**2 - q + 10. Determine r(6).
-1
Let m(x) = 2*x + 1. Let p(d) = -d**2 + 4*d + 3. Let h be p(4). Let o be (h/12)/(4/16). Calculate m(o).
3
Let w(k) be the second derivative of k**4/6 + k**3/3 - 3*k**2/2 - k. Let j(d) = 2*d**2 - 17*d - 12. Let p be j(9). What is w(p)?
9
Let q(a) = 3*a**2 - 1. Let k(x) be the first derivative of -3*x**2/2 - x + 1. Let u be k(-1). Determine q(u).
11
Let y(x) = 2*x**3 - 10*x**2 - 5*x - 11. Let i(n) = 3*n**3 - 11*n**2 - 6*n - 12. Let d(k) = 3*i(k) - 4*y(k). Let b = -346 + 339. Give d(b).
-6
Let i(h) = h - 5. Let z = -2 - -4. Suppose 2*s + s + 7 = -f, -z*s = 5*f + 48. Let p(m) = m + 16. Let w be p(f). Calculate i(w).
1
Let h(q) be the first derivative of q**3/3 - 5*q**2/2 + 5*q - 1. Let t(z) = -2*z + 7. Let k be t(11). Let j = 19 + k. What is h(j)?
1
Let m(a) be the second derivative of a**5/15 + a**3/3 - 4*a. Let i(d) be the second derivative of m(d). What is i(1)?
8
Let w(n) = n**3 - 3*n**2 - n + 5. Let u(a) = 4*a**3 - 8*a**2 - 2*a + 16. Let m(t) = -2*u(t) + 7*w(t). Let q(l) = -l. Let j be q(3). Calculate m(j).
-6
Suppose -s - s = -22. Let j(c) = -1 - s*c + 4 - 1 - 3. Give j(-1).
10
Let d be 2/5 - 37/5. Let o = d + 3. Let t(z) = -z**3 - 3*z**2 + 6*z + 6. Determine t(o).
-2
Let j be (-3 + 0)/(3/(-14)). Let g = j - 10. Let b(a) = -3*a + 2*a + 4 + 0*a. Give b(g).
0
Let w be (3/(-2))/1*-2. Let d(u) = -3 + 2*u**3 + 2*u - u**2 + u**w - 2*u**3. Let b(g) = -g**2 + 5*g + 2. Let c be b(5). What is d(c)?
5
Let z(r) = -r**3 - 4*r**2 + 4*r - 4*r**2 - 5 + 4*r**2. Determine z(-5).
0
Let m be 6/8 - 2/(-8). Let n(o) = 0 + 4*o - 5*o**2 + o - m + 0 - o**3. Determine n(-6).
5
Let c(n) = 5 - 4 - 1 + n**2 - n. Let k = 1 - -1. Suppose -8 = 5*a + 3*p - 20, -k*a = -3*p - 9. What is c(a)?
6
Let i(o) = o**2 - o + 2. Let r be i(2). Let j(g) = -g**3 + 3*g**2 + 5*g + 3. Determine j(r).
7
Suppose 2*k = -z - 37, -3*z - 67 = -0*z - 5*k. Let h = z - -26. Let f(n) = 5*n + 1. Let y(m) = m. Let l(u) = -f(u) + 6*y(u). Calculate l(h).
-4
Let w be (32/(-6))/(12/(-18)). Suppose -3*y + w = y. Let h(s) = s**3 - s**2 - 2*s + 2. What is h(y)?
2
Let d(h) = h**3 - h**2 + 3. Let i be d(0). Let y(k) = k + k**2 + 0*k**2 - k**3 + 0*k**i + 1 - 6*k**2. Give y(-5).
-4
Let j be (-3 + 246/80)*8/36. Let q(w) be the third derivative of 0 + 2*w**2 + 0*w**3 + 1/24*w**4 + 0*w + j*w**5. Determine q(-2).
2
Let w(p) = -5*p**2 - 1. Let f be w(-1). Let l(d) = d**3 + 7*d**2 + 5*d - 8. Calculate l(f).
-2
Let f(k) = -4*k + 2. Let x(r) = -3*r + 2. Let j(l) = 4*f(l) - 5*x(l). Let p(s) = 2*s + 4. Let g be p(-1). Determine j(g).
-4
Let a(m) be the third derivative of m**6/120 + m**5/12 + 5*m**4/24 + m**3/2 - 9*m**2. What is a(-3)?
6
Let w(n) be the third derivative of -n**5/30 + n**4/12 + n**3/3 - 10*n**2. Suppose d = -4*d + 10. Give w(d).
-2
Let n(v) = v - 4. Let b be n(6). Let d be 10*((-24)/15 + b). Suppose 0 = 2*k - d*k. Let l(m) = -m + 7. Give l(k).
7
Let l(g) = g**3 + g**2 - 3*g + 1. Let w be ((-16)/28)/(-4*1/14). Determine l(w).
7
Suppose -2*k + 7*k - 25 = -s, 5*s + 2*k = 79. Suppose -4*h - h = s. Let j(i) = i**3 + 4*i**2 + 2*i - 1. Give j(h).
2
Let r be 2/(-4)*(3 + 3). Let s = -1 - r. Let x(i) = -4*i**3 - 3*i**2 + 3*i + 3. Let w(m) = -3*m**3 - 2*m**2 + 2*m + 2. Let j(h) = -3*w(h) + 2*x(h). Give j(s).
8
Let k(z) = 4*z**3 - 6*z**2 - 4*z + 4. Let a(p) = -9*p**3 + 12*p**2 + 9*p - 8. Let x(s) = 3*a(s) + 7*k(s). Determine x(6).
-2
Suppose v - 30 = -4*v. Let k = v - 1. Let u(p) = k + 3*p - 2 + 0 + 2. Calculate u(-4).
-7
Let i(v) = -2 + 1 + 24*v - 26*v. Give i(-6).
11
Let a(g) = 21*g - 12. Let d(w) = 5*w - 3. Let k(n) = 2*a(n) - 9*d(n). Calculate k(4).
-9
Let f(q) = -6 - 4*q - 1 + 2 - 2*q**3 - 5*q**2 + 9*q. Let z(k) = 3*k**3 + 6*k**2 - 6*k + 6. Let a(t) = 5*f(t) + 4*z(t). What is a(1)?
1
Let d(x) = -8*x - 3 + 7 - 4 - 1. Calculate d(1).
-9
Let i be -9 + 1 - 2*-1. Let o be (-7)/3 - 2/i. Let t(k) = 2*k + 4. Let r(w) = w + 1. Let g(b) = -4*r(b) + t(b). Give g(o).
4
Let b(n) = -n**3 + 4*n**2 - 1. Let a = -3 - -5. Let o(t) = -t**3 + 4*t**2 + 6*t - 1. Let u be o(5). Suppose 4*j = -a*m + 4, 4*j = -u*m - j + 11. Determine b(m).
-1
Let u(s) be the first derivative of s**2/2 + 13*s - 1. Let j be u(-7). Let a(m) = -7*m - 7. Let k(q) = 6*q + 6. Let f(r) = j*k(r) + 5*a(r). Determine f(-5).
-4
Suppose 0 = 2*d + 2*d. Let p(i) = 34*i**3 - 35*i**3 - i**2 + d - 3*i**2 + 4. Determine p(-4).
4
Let m = 141 - 140. Let f(z) = -z**2 + 2*z - 1. Calculate f(m).
0
Let l(i) = i**2 - 4*i - 5. Suppose 0*g - 4*g + 36 = 0. Let k(s) = s - 2. Let t be k(5). Suppose -6 + 14 = 3*o - 4*v, 3*v = t*o - g. Give l(o).
-5
Suppose 4*m - 16 = -4*y, -m - 26 = -2*y - 2*y. Let g(d) = 3*d**3 - 2*d**3 - 2*d**3 - 6 - 13*d**2 + 19*d**2. Calculate g(y).
-6
Let p be (-7 + -1 - -3) + 1. Let u = -8 - p. Let r(i) = -2*i**2 - 4*i + 4. Determine r(u).
-12
Let c(x) = -x + 8 - 1 + 2*x + 1. Let m be 0/((0 + -1)*2). What is c(m)?
8
Let d(y) = -3*y - 18. Let f(x) = -x - 6. Let h(s) = 2*d(s) - 7*f(s). Determine h(0).
6
Let r(n) = 2*n + 1 + 4 + 0*n. Let x(q) = -2*q + 3. Suppose 0 = 3*h + 3*s - 12, -5*s - 17 + 5 = -3*h. Let t be x(h). Calculate r(t).
-5
Let o(q) = 5*q + 1 - 3*q + q**3 + 3*q**2 + 0*q**3. Let l = -9 + 6. Calculate o(l).
-5
Let d(z) = -z**2 - 2*z + 2. Let i(m) = m**3 - 6*m**2 - 8*m + 4. Let c be i(7). Determine d(c).
-1
Let g(x) = -x**3 + 4*x**2 - 2*x - 3. Let u(r) = -r + 6. Let n = -1 - -7. Suppose n*q - 12 = 2*q. Let t be u(q). Calculate g(t).
0
Let j(z) = -z**2 + 2*z**2 + 0*z**2. Calculate j(1).
1
Let w = 2 + -1. Let f(z) = z**2 + 1 + 6*z**3 + 2*z**2 - 6*z**2 + 2*z**2. Give f(w).
6
Let c(g) = 3*g + 2. Let j(a) = a**3 - 9*a**2 - 11*a + 8. Let h be j(10). Let m be 1*(h - -10)/(-4). Determine c(m).
-4
Let c = 3 - 6. Let b(p) = 2. Let m(a) = -a + 5. Let w(l) = -11*b(l) + 4*m(l). Give w(c).
10
Suppose 2*v + 2 = 10. Suppose 2*i + 2*g = -6, 3*i - 1 = -g - 0. Let s(b) = 2*b**i - 4*b**2 + b**2 + 5*b. Determine s(v).
4
Let f = -6 + 8. Suppose -k - f = 2*a, -3*k + 5*a = k - 18. Suppose 4*r = k*j + 6, -4*r - 5 = j - 7*r. Let w(v) = 2*v - 1. Give w(j).
1
Let g(s) be the second derivative of s**3/3 + 5*s**2/2 - 3*s. What is g(-5)?
-5
Let r(u) = 2*u - 15. Let d be r(10). Let b(z) = z**2 - 5*z + 7. What is b(d)?
7
Let z(a) = -a - 5*a - a - 5 + a - a**2. Determine z(-6).
-5
Let o(g) = -g**2 - g - 1. Let t(z) = -5*z**2 - 3*z - 6*z + 3 - 8. Let m(f) = -6*o(f) + t(f). What is m(2)?
-1
Let f(j) be the second derivative of j**7/840 - j**6/180 - j**5/30 + j**4/8 + 5*j**3/6 + 3*j. Let k(q) be the second derivative of f(q). Determine k(3).
0
Let u(z) = 1 + z - z + z**2. Let t = 17 - 17. Give u(t).
1
Let l = 35 - 37. Let b(z) = 6*z - 1. Let r(x) be the third derivative of -7*x**4/24 + x**3/3 + x**2. Let c(u) = l*r(u) - 3*b(u). Calculate c(1).
-5
Let i(d) = 2 + 3*d + 0*d + 2*d - 4*d. Determine i(2).
4
Let s(w) = -7 + 2*w + 0 - 1. Let z be 2/(-7) - (-308)/49. Give s(z).
4
Let q(j) be the first derivative of j**4/4 - j**2 - j + 1. Let h = -1 - 1. Let a be 0 + 4 + h/1. What is q(a)?
3
Let a(t) = t**3 + 5*t**2 + 2*t - 6. Let j be a(-4). Let q be j/(-1) - (10 + -16). Let v(i) = i**3 - 4*i**2 - 4. Determine v(q).
-4
Let a(o) = o**3 + 12*o**2 - 2*o + 5. Let q(c) = -c**3 - 11*c**2 + c - 4. Let n(b) = -5*a(b) - 6*q(b). Determine n(-4).
15
Let m(w) be the second derivative of -1/20*w**5 + 1/2*w**2 + 7/6*w**3 + 3*w + 0 + 1/2*w**4. What is m(7)?
1
Let b(f) = f**2 + 5*f - 2. Let n be b(-5). Let g be 2/4*n - 2. Let y(s) be the first derivative of -s**4/4 - 2*s**3/3 + 2*s**2 - 4. Give y(g).
-3
Let b = -14 - -22. Suppose -4*y - 8 = -b*y. Let l(r) = -r**2 + 2*r - 1. Let t(z) = -1. Let m(h) = l(h) + 2*t(h). Determine m(y).
-3
Let v(m